{"id":44,"date":"2013-02-24T22:15:10","date_gmt":"2013-02-24T22:15:10","guid":{"rendered":"http:\/\/ninjutsu-aschaffenburg.de\/?page_id=44"},"modified":"2024-06-29T15:37:19","modified_gmt":"2024-06-29T15:37:19","slug":"das-dojo","status":"publish","type":"page","link":"https:\/\/ninjutsu-aschaffenburg.de\/?page_id=44","title":{"rendered":"Das Dojo &amp; unser Training"},"content":{"rendered":"<p style=\"text-align: justify;\">Unser Dojo ist Teil des <a href=\"http:\/\/www.djk-aschaffenburg.de\/1-0-DJK-Aschaffenburg.html\">DJK Aschaffenburg<\/a><\/p>\n<p style=\"text-align: justify;\">Bei uns haben sie die M\u00f6glichkeit tief in die alten Kampfk\u00fcnste des alten Japan einzutauchen. Wir lehren und trainieren den Umgang mit zahlreichen Waffen wie Speere, Schwerter und stumpfen Waffen verschiedenster Art. Hinzu kommt ein umfangreiches Technikrepertoire des waffenlosen Kampfes.<\/p>\n<p>Hierf\u00fcr stehen uns s\u00e4mtliche ben\u00f6tigten Tools zur Verf\u00fcgung (Trainingswaffen, Pratzen, Schutzausr\u00fcstung) um Jahrhunderte alten Kampfk\u00fcnsten neues Leben einzuhauchen und sie dar\u00fcber hinaus ins 21. Jahrhundert zu transportieren.&nbsp;<\/p>\n<p>In vielen unserer Trainingseinheiten widmen wir uns auch ganz gezielt der wichtigsten Selbstverteidigungsf\u00e4higkeit, damals wie heute, dem <strong>Situationsbewusstsein.<\/strong><\/p>\n<p>Spa\u00df am Training steht bei uns an erster Stelle, jeder trainiert auf seinem Level und kann sich in einem Tempo weiterentwickeln. Vorerfahrung oder besondere Fitness sind nicht n\u00f6tig, jeder ab dem <strong>18 Lebensjahr<\/strong> kann an unserem Training teilnehmen.<\/p>\n<p>&nbsp;<\/p>\n<p>&nbsp;<\/p>\n<div class=\"mceTemp\">\nDJK&nbsp;<\/p>\n<\/div>\n<div class=\"twoclick_social_bookmarks_post_44 social_share_privacy clearfix 1.6.4 locale-de_DE sprite-de_DE\"><\/div><div class=\"twoclick-js\"><script type=\"text\/javascript\">\/* <![CDATA[ *\/\njQuery(document).ready(function($){if($('.twoclick_social_bookmarks_post_44')){$('.twoclick_social_bookmarks_post_44').socialSharePrivacy({\"services\":{\"facebook\":{\"status\":\"on\",\"txt_info\":\"2 Klicks f\\u00fcr mehr Datenschutz: Erst wenn Sie hier klicken, wird der Button aktiv und Sie k\\u00f6nnen Ihre Empfehlung an Facebook senden. Schon beim Aktivieren werden Daten an Dritte \\u00fcbertragen - siehe <em>i<\\\/em>.\",\"perma_option\":\"off\",\"action\":\"like\",\"language\":\"de_DE\"},\"twitter\":{\"reply_to\":\"\",\"tweet_text\":\"Das%20Dojo%20%26%20unser%20Training%20%C2%BB%20Bujinkan%20Aschaffenburg\",\"status\":\"on\",\"txt_info\":\"2 Klicks f\\u00fcr mehr Datenschutz: Erst wenn Sie hier klicken, wird der Button aktiv und Sie k\\u00f6nnen Ihre Empfehlung an Twitter senden. Schon beim Aktivieren werden Daten an Dritte \\u00fcbertragen - siehe <em>i<\\\/em>.\",\"perma_option\":\"off\",\"language\":\"de\",\"referrer_track\":\"\"}},\"txt_help\":\"Wenn Sie diese Felder durch einen Klick aktivieren, werden Informationen an Facebook, Twitter, Flattr, Xing, t3n, LinkedIn, Pinterest oder Google eventuell ins Ausland \\u00fcbertragen und unter Umst\\u00e4nden auch dort gespeichert. N\\u00e4heres erfahren Sie durch einen Klick auf das <em>i<\\\/em>.\",\"settings_perma\":\"Dauerhaft aktivieren und Daten\\u00fcber-tragung zustimmen:\",\"info_link\":\"http:\\\/\\\/www.heise.de\\\/ct\\\/artikel\\\/2-Klicks-fuer-mehr-Datenschutz-1333879.html\",\"uri\":\"https:\\\/\\\/ninjutsu-aschaffenburg.de\\\/?page_id=44\",\"post_id\":44,\"post_title_referrer_track\":\"Das+Dojo+%26amp%3B+unser+Training\",\"display_infobox\":\"on\"});}});\n\/* ]]> *\/<\/script><\/div>","protected":false},"excerpt":{"rendered":"<p>Unser Dojo ist Teil des DJK Aschaffenburg Bei uns haben sie die M\u00f6glichkeit tief in die alten Kampfk\u00fcnste des alten Japan einzutauchen. Wir lehren und trainieren den Umgang mit zahlreichen Waffen wie Speere, Schwerter und stumpfen Waffen verschiedenster Art. Hinzu &hellip; <a href=\"https:\/\/ninjutsu-aschaffenburg.de\/?page_id=44\">Weiterlesen <span class=\"meta-nav\">&rarr;<\/span><\/a><\/p>\n","protected":false},"author":1,"featured_media":0,"parent":19,"menu_order":2,"comment_status":"open","ping_status":"open","template":"","meta":{"ngg_post_thumbnail":0,"footnotes":""},"class_list":["post-44","page","type-page","status-publish","hentry"],"_links":{"self":[{"href":"https:\/\/ninjutsu-aschaffenburg.de\/index.php?rest_route=\/wp\/v2\/pages\/44","targetHints":{"allow":["GET"]}}],"collection":[{"href":"https:\/\/ninjutsu-aschaffenburg.de\/index.php?rest_route=\/wp\/v2\/pages"}],"about":[{"href":"https:\/\/ninjutsu-aschaffenburg.de\/index.php?rest_route=\/wp\/v2\/types\/page"}],"author":[{"embeddable":true,"href":"https:\/\/ninjutsu-aschaffenburg.de\/index.php?rest_route=\/wp\/v2\/users\/1"}],"replies":[{"embeddable":true,"href":"https:\/\/ninjutsu-aschaffenburg.de\/index.php?rest_route=%2Fwp%2Fv2%2Fcomments&post=44"}],"version-history":[{"count":10,"href":"https:\/\/ninjutsu-aschaffenburg.de\/index.php?rest_route=\/wp\/v2\/pages\/44\/revisions"}],"predecessor-version":[{"id":681,"href":"https:\/\/ninjutsu-aschaffenburg.de\/index.php?rest_route=\/wp\/v2\/pages\/44\/revisions\/681"}],"up":[{"embeddable":true,"href":"https:\/\/ninjutsu-aschaffenburg.de\/index.php?rest_route=\/wp\/v2\/pages\/19"}],"wp:attachment":[{"href":"https:\/\/ninjutsu-aschaffenburg.de\/index.php?rest_route=%2Fwp%2Fv2%2Fmedia&parent=44"}],"curies":[{"name":"wp","href":"https:\/\/api.w.org\/{rel}","templated":true}]}}